1. List the prime factors of g(17).
17, 29
Let i be 2*(-3 - (-3)/2). Let v be 3*19*i/(-9). Suppose 0 = h + 6 - v. List the prime factors of h.
13
Suppose -1 - 3 = -4*m. What are the prime factors of 1 + (-2 - m) + 29?
3
Suppose 0 = -100*k + 137*k - 37370. List the prime factors of k.
2, 5, 101
List the prime factors of (-259)/(-3) - ((-256)/24 - -11).
2, 43
List the prime factors of ((-173)/(-4) + 33/(-22))*4.
167
Let f be ((-5)/10)/(1/(-280)). Suppose -3*d = d - f. List the prime factors of d.
5, 7
Suppose -i = -33*i + 49248. List the prime factors of i.
3, 19
Let h(o) = -o**2 - 7*o - 6. Let f be h(-5). Suppose 39 = -f*g - 85. Let s = 55 + g. What are the prime factors of s?
2, 3
What are the prime factors of (-3 + 0)/((15/4670)/(-1))?
2, 467
Suppose 3*m - 23 = 2*j, 0 = -m + 4*j - 0*j + 21. Suppose z - m = 8. Suppose 3*q = -3*w - w + 9, -2*q + z = 5*w. What are the prime factors of w?
3
Suppose 3*j = 5*m - 4, -2*m - 10 = 3*j - m. Let f(k) = -2*k**3 - 4*k - 2. List the prime factors of f(j).
2
Let k(x) = 9*x + 42*x**2 - 6 + 1 - 41*x**2. Let i be k(-8). What are the prime factors of (-275)/i + (-6)/39?
3, 7
Let u(o) be the third derivative of -19*o**4/24 - 13*o**3/3 - 18*o**2. List the prime factors of u(-9).
5, 29
List the prime factors of (7375/(-25))/((-1)/5).
5, 59
Suppose -4*y + 2*u + 3802 = 0, -5*u - 635 = -y + 302. What are the prime factors of y?
2, 7, 17
Let q be (-352)/(-33)*(-39)/(-2). Suppose 3*l = -2*t + q, -2*t = t - 6. What are the prime factors of l?
2, 17
Suppose -14*i + 6*i = -1376. Let f = i + -49. What are the prime factors of f?
3, 41
Suppose 0*q - 2*q + 8 = 0. Let g be (12/(-4) - 5)/(-2). Let f = q + g. List the prime factors of f.
2
Let x be ((-56)/35)/((-2)/5*-1). Let s = 132 + x. List the prime factors of s.
2
Let y be 2*1/(-6) + (-540)/(-162). Let s = 585 - 405. Suppose -s = -5*o + y*c, o + o - 2*c = 68. What are the prime factors of o?
3, 13
Suppose 2*c = x + 893, 2*c = -5*x + 661 + 250. List the prime factors of c.
2, 7
Let y = 20 + -16. Let c = y - 0. What are the prime factors of c?
2
Suppose -21*z + 1055 = -18*z + 2*j, -4*z + 1408 = 4*j. List the prime factors of z.
3, 13
Let k = 6154 - 3410. What are the prime factors of k/40 - (-2)/5?
3, 23
Let w(f) = 46*f**2 - 2*f. Let x be w(1). Let j = 60 + x. What are the prime factors of j?
2, 13
Suppose -215 = -6*i + 1315. List the prime factors of i.
3, 5, 17
Let u(c) = -5*c + 4. Let l be u(-3). Let y(s) = 5*s + 3. Let b be y(1). Let a = l + b. What are the prime factors of a?
3
Let j be (-10)/(-1)*48/30. Let g = -15 + j. Suppose 2*i = -2*t + 38, -t + g - 20 = -i. What are the prime factors of i?
19
Let d(l) = l**2 + 5*l - 4. Let p be d(-6). Suppose b = -p*b. Suppose -2*k - 4*i + 30 = b, -3*i + 81 = 4*k + 26. List the prime factors of k.
13
Suppose -11*c + 14*c - 3900 = 0. What are the prime factors of c?
2, 5, 13
Let c(g) = -g**3 + 10*g**2 + 12*g + 2. Let m be c(10). Suppose m*l + 575 = 127*l. What are the prime factors of l?
5, 23
What are the prime factors of ((-468)/6)/(-2 + 57/29)?
2, 3, 13, 29
Suppose -481 = 5*k - 2161. What are the prime factors of k?
2, 3, 7
What are the prime factors of 5 + (-4 - 4) + 490?
487
What are the prime factors of 2/5*2*62040/48?
2, 11, 47
Let k(v) = -44*v - 6. Let a be k(-3). Suppose 4*o = 5*j + 168, -3*o + 3*j = -2*j - a. What are the prime factors of o?
2, 3, 7
Let b(u) = u**3 + 5*u**2 - 8*u + 2. Let f be 3/2*(1 - -1). Suppose -4*j = -5*j - 2, 5*k - f*j + 24 = 0. List the prime factors of b(k).
2, 7
Suppose 0 = -2*q + 1 + 7. Suppose 48 = q*v - v. Suppose 3*n = -v + 70. What are the prime factors of n?
2, 3
Let j = 389 + -296. What are the prime factors of j?
3, 31
List the prime factors of -26*((-28)/70 - 123/30).
3, 13
Let j(q) = -q**2 + 5*q - 4. Let h be j(3). Suppose h*n = 25 + 17. List the prime factors of n.
3, 7
Suppose -h + 4116 = 20*h. List the prime factors of h.
2, 7
Suppose -3716 = -2*q - 3*d, 2*d = 24*q - 29*q + 9290. List the prime factors of q.
2, 929
What are the prime factors of (286600/125)/(6/(-15)*-1)?
2, 1433
Suppose 2 = y - 2*s - 2, 5*s = 3*y - 14. Let t = -2 + -10. What are the prime factors of 3/t - (-186)/y?
23
Let p = 5056 + -2630. What are the prime factors of p?
2, 1213
Let c = -1399 - -2060. List the prime factors of c.
661
Let a = 95 - 91. Suppose -2*i + 576 = a*g, -213 - 339 = -4*g + 4*i. What are the prime factors of g?
2, 71
Let h(c) = -14*c - 4. Let w(b) = 7*b + 2. Let j(m) = -4*h(m) - 7*w(m). What are the prime factors of j(14)?
2, 5
Suppose -7*j = -11*j + 2*s + 3532, 2*j + 2*s = 1778. What are the prime factors of j?
3, 5, 59
Let i = -28 - -696. List the prime factors of i.
2, 167
Suppose -5*t + 15 = 0, 3*d + 0*t - 3 = t. Suppose u + d - 9 = l, -3*l - 9 = 0. What are the prime factors of u?
2
Suppose 2*n - 158 = -24. Let t = n + -31. List the prime factors of t.
2, 3
Let n(t) = t**3 + 3*t**2 - 15*t - 5. Let d be n(-5). Let b = -21 - -35. Let y = d - b. What are the prime factors of y?
2, 3
Let z(v) = v**2 - 15*v + 6. Let u be z(14). Let g be (-18)/12 - 12/u. List the prime factors of (-1 + g - -40) + 2.
41
Let n = -976 - -1490. List the prime factors of n.
2, 257
Suppose -4*b + 25 = 5*q + 2, 3*b + 23 = 2*q. Let h = q + 106. List the prime factors of h.
113
List the prime factors of 14596/38 + (-34)/323.
2, 3
What are the prime factors of (1 - 3)/((-20)/(-4790))*-4?
2, 479
Let k be (-2*1)/(1 - 591/585). Suppose -x = -5, x - 4*x = 4*t - k. What are the prime factors of t?
3, 5
Suppose 0 = -m - 5*y + 28, 36 = 5*m + 3*y + 6. Suppose 4*o + 9 = -m*c - 0*o, 3*o = -9. Suppose f - 5*g = 2*f + 7, c = -3*f - 5*g. List the prime factors of f.
3
List the prime factors of (-44)/33*(-4 + (-8260)/8).
2, 691
Let l(v) = -3*v - 40. Let o be l(-15). Let k(a) = -a + 1. Let b(z) = 4*z - 4. Let d(x) = 2*b(x) + 7*k(x). List the prime factors of d(o).
2
Suppose 12*j - 11*j - 3273 = 3*l, -16285 = -5*j - 5*l. List the prime factors of j.
3, 1087
Suppose 16*u = 14*u - 52. Let g(y) = -4*y + 103. List the prime factors of g(u).
3, 23
Suppose 0 = -3*z - 5*k - 12, -5*k + 2*k = 0. Let a be 7 + z + (-3 - -5). Suppose 0 = -3*q + 6, -q + 79 = a*h - 4*q. List the prime factors of h.
17
Let f be 6/10 - 3048/(-120). Let y(g) = -g**2 + 30*g - 28. What are the prime factors of y(f)?
2, 19
Suppose -57*u = -17*u - 24160. List the prime factors of u.
2, 151
Suppose -3*j + 84 = 3*b, 4*j - 46 = -3*b + b. Suppose -3 = -3*a - b. Let t(i) = -2*i - 4. What are the prime factors of t(a)?
2
List the prime factors of 30324/(-171)*(-102)/8.
7, 17, 19
Let z = -105 - -161. Suppose 6*i + 3*i = -279. Let u = i + z. List the prime factors of u.
5
Suppose 11 = z + 4*z - 4*y, -z - 2*y + 5 = 0. List the prime factors of ((-237)/2)/z*(1 + -7).
3, 79
Suppose i - b = -6, 2*b - 14 = 4*i + 2. Let w be (14/i*1)/(-1). Let m = 26 - w. What are the prime factors of m?
19
Suppose 0 = 5*o - j + 54, 2*o + 23 = -3*j - 2. Let f be 14/(-28)*9/(27/12). List the prime factors of 1/f*(o + -15).
13
Suppose -2*y = -a - 16, -3*y + 0*y = 3*a - 6. Let m be (-356)/y*(-36)/(-3). What are the prime factors of (-4)/22 - m/44?
2
Let g(q) = q + 2. Let i be g(0). Suppose 120 = -5*a - h, a + 72 = -2*a - i*h. What are the prime factors of (a/(-60))/(2/10)?
2
Let z be ((-2)/4)/(-1) + 13/2. List the prime factors of (z - 6)/(2 - (-15)/(-8)).
2
Let f be 8312/18 - 4/(-18). Suppose 4*l + 51 = -3*p + 517, 3*l - f = -3*p. List the prime factors of p.
2, 3, 5
Let x = -2567 + 4370. List the prime factors of x.
3, 601
Let b be 2/5*(-5)/(-2). Let p be ((-9)/12)/(b/(-44)). Let w = p + -20. List the prime factors of w.
13
Let n = -546 - -786. What are the prime factors of n?
2, 3, 5
Let v(g) = -22 - 4*g**2 + 4*g**2 - 6*g + g**2. Let u be v(11). Suppose -10 = -r + u. What are the prime factors of r?
43
Let o = -32 - -37. Suppose -1498 = -2*b - o*b. Let d = b - 149. What are the prime factors of d?
5, 13
List the prime factors of (((-2388)/(-9))/4*3)/1.
199
Suppose 136 = 5*q - 764. What are the prime factors of q?
2, 3, 5
Let a = -7 - -21. Suppose -2*r + 0*w + a = 2*w, 4 = r + 2*w. Suppose 2*t - r = -b, -4 = -2*t + t. What are the prime factors of b?
2
Let t(o) = o**3 + 5*o**2 - 2*o - 3. Let i be t(-5). What are the prime factors of (i + 5)/((-3)/(-16))?
2
Let b(w) be the second derivative of w**3/6 - 